
16
What is the highest common factor of 76113864 and 756?
108
What is the greatest common factor of 9877 and 1181177?
17
Calculate the greatest common divisor of 5088 and 652271.
53
What is the greatest common factor of 41290184 and 416?
104
What is the highest common divisor of 6093788 and 86?
86
What is the highest common factor of 8503075 and 175?
175
What is the greatest common divisor of 1308 and 10438276?
436
Calculate the greatest common divisor of 58629624 and 24.
24
What is the greatest common factor of 781849008 and 369?
369
What is the highest common factor of 13749255 and 25935?
3705
What is the greatest common divisor of 68000408 and 272?
136
What is the highest common factor of 7596065 and 45?
5
Calculate the highest common divisor of 64 and 5537312.
32
What is the greatest common factor of 72 and 8334360?
72
Calculate the greatest common divisor of 216423746 and 3388.
1694
What is the greatest common factor of 10599507 and 549?
9
Calculate the highest common divisor of 1873249 and 84209.
107
What is the highest common divisor of 4098 and 6391514?
1366
Calculate the highest common divisor of 4010046 and 77982.
246
Calculate the greatest common factor of 3527149 and 1643.
31
Calculate the highest common divisor of 19008 and 2226972.
132
Calculate the greatest common factor of 217896 and 408.
24
What is the greatest common factor of 1122858 and 45276?
66
Calculate the greatest common divisor of 94265184 and 432.
48
What is the highest common divisor of 38628 and 6576972?
444
What is the highest common divisor of 10375 and 405125?
125
Calculate the highest common divisor of 5586 and 322539.
21
Calculate the greatest common factor of 380210 and 797850.
1970
Calculate the greatest common factor of 57900 and 2788271.
193
Calculate the greatest common divisor of 379046493 and 1704.
213
What is the highest common factor of 19153814 and 388?
194
Calculate the highest common divisor of 66 and 5495727072.
66
What is the greatest common factor of 3234047 and 52307?
19
What is the highest common factor of 635033424 and 2336?
1168
Calculate the greatest common factor of 9125 and 187756.
73
Calculate the highest common factor of 2170173565 and 2555.
2555
What is the greatest common divisor of 259406 and 34?
2
What is the greatest common factor of 17154556 and 16?
4
What is the highest common factor of 116406355 and 507?
169
What is the greatest common divisor of 1972952 and 5?
1
Calculate the greatest common factor of 113248707 and 11.
11
What is the highest common divisor of 1584798371 and 13?
13
What is the highest common factor of 2280 and 100913880?
120
Calculate the highest common divisor of 756903 and 7938.
147
Calculate the highest common divisor of 51 and 37955713.
17
What is the highest common factor of 1608 and 1666056?
24
Calculate the greatest common divisor of 279 and 792381483.
279
Calculate the greatest common divisor of 522 and 16989786.
18
Calculate the highest common divisor of 713811 and 57.
57
Calculate the highest common factor of 14501240 and 17459.
1027
Calculate the greatest common factor of 244 and 1296067.
61
Calculate the highest common divisor of 1382304 and 59532.
1452
What is the highest common divisor of 4188 and 2513097348?
4188
What is the highest common factor of 12570124 and 15904?
1988
Calculate the highest common factor of 575823 and 3997812.
1569
What is the highest common divisor of 128279 and 42106?
37
Calculate the greatest common divisor of 10181436 and 2784.
348
Calculate the highest common factor of 9937564 and 79534.
4186
What is the greatest common factor of 73 and 27249586?
73
What is the greatest common divisor of 9736114 and 607351?
3083
Calculate the highest common divisor of 11 and 724702.
11
What is the highest common divisor of 15936393 and 3033?
1011
Calculate the greatest common factor of 113328 and 1216702.
1574
What is the highest common divisor of 44993912 and 678904?
6008
What is the greatest common divisor of 7210 and 1042650?
70
What is the highest common divisor of 1151061879 and 33?
33
Calculate the greatest common divisor of 545950 and 245.
5
What is the highest common divisor of 24 and 7015068?
12
What is the highest common divisor of 232407 and 425?
17
What is the greatest common factor of 1232601 and 14523?
309
What is the highest common divisor of 18163 and 14764747?
443
What is the greatest common factor of 31 and 2059110551?
31
What is the highest common divisor of 14203455 and 120?
15
What is the greatest common divisor of 826651992 and 2928?
1464
Calculate the highest common divisor of 130 and 5000090.
10
What is the greatest common divisor of 11221 and 71203657?
1603
Calculate the highest common factor of 690 and 2593830.
30
Calculate the greatest common factor of 296634 and 68172.
78
What is the highest common divisor of 120214831 and 3509?
3509
Calculate the highest common factor of 60024175 and 3145.
185
Calculate the highest common divisor of 25 and 3709545.
5
Calculate the highest common divisor of 14439254 and 146.
146
What is the highest common divisor of 26563 and 4126996?
263
What is the greatest common divisor of 70 and 3453290?
10
What is the greatest common divisor of 3103800 and 1600?
200
What is the highest common divisor of 3941735 and 70?
35
What is the greatest common factor of 189654 and 3564?
6
What is the highest common factor of 81 and 5381154?
81
Calculate the greatest common factor of 380 and 2091610.
10
What is the highest common factor of 198 and 198749826?
198
What is the greatest common divisor of 192691234 and 505?
101
What is the highest common factor of 25680 and 96780?
60
Calculate the greatest common factor of 4668 and 1297932732.
4668
Calculate the greatest common divisor of 6500740 and 688.
172
What is the greatest common divisor of 9513 and 256?
1
What is the greatest common divisor of 42927490 and 10?
10
Calculate the highest common factor of 41046583 and 553.
79
Calculate the greatest common divisor of 351 and 756717.
39
Calculate the greatest common factor of 484 and 23197757.
121
Calculate the greatest common divisor of 88 and 8124556.
44
What is the highest common divisor of 84483 and 7523159?
1043
What is the greatest common factor of 2515760 and 34810?
590
Calculate the highest common factor of 20889 and 1613007.
99
Calculate the highest common factor of 131781 and 151125.
1209
Calculate the greatest common factor of 104886 and 828.
18
What is the highest common factor of 4893323 and 1074?
179
Calculate the greatest common divisor of 775 and 1712725.
25
Calculate the highest common divisor of 227056 and 147568.
368
What is the highest common divisor of 426410385 and 333?
111
What is the greatest common factor of 215 and 1794735?
5
Calculate the highest common divisor of 3375 and 29424625.
125
What is the highest common factor of 660 and 16412880?
660
What is the highest common factor of 110 and 160618249?
11
What is the highest common divisor of 4352 and 209304?
136
What is the highest common divisor of 63903900 and 2400?
300
Calculate the greatest common divisor of 876 and 15620613.
219
Calculate the greatest common divisor of 3506274 and 133110.
1566
What is the greatest common factor of 176 and 8674941?
11
What is the greatest common divisor of 2655738 and 846?
18
Calculate the greatest common factor of 4383 and 127728.
9
Calculate the highest common divisor of 120894 and 72.
6
What is the highest common factor of 60 and 974244?
12
What is the greatest common divisor of 1811412 and 29052?
36
What is the greatest common divisor of 67261888 and 9096?
3032
Calculate the highest common factor of 16493827 and 2219.
2219
Calculate the highest common divisor of 272875 and 285875.
125
Calculate the greatest common divisor of 20459590 and 1060.
530
Calculate the highest common factor of 11664 and 26799.
3
What is the highest common divisor of 2107 and 260614830?
2107
What is the highest common divisor of 11232 and 598624?
416
What is the greatest common divisor of 84788998 and 70?
14
What is the highest common divisor of 9653006 and 1342?
1342
What is the highest common factor of 335196 and 1962?
18
What is the greatest common factor of 9 and 963723?
3
What is the highest common divisor of 120 and 14201940?
60
Calculate the greates